-2*k + 4, -6 = -2*t - 2*k. Calculate the remainder when o is divided by t.
5
Suppose 7*x + 20 = 12*x. Suppose j + x*j = 3*g + 110, 5*j + g = 90. Calculate the remainder when 111 is divided by j.
16
Let n = 168 + -40. Calculate the remainder when n is divided by (-2 + 4)/((-4)/(-86)).
42
Suppose 4*n = 6*n - 2*t - 108, -2*n + 4*t + 108 = 0. Calculate the remainder when 531 is divided by n.
45
Let i(d) = -d**2 - 10*d + 14. Let f be i(-12). What is the remainder when 73 is divided by (f - -15) + 0 + -1?
1
Suppose 5*t - 4*h = -h + 15, t + h = 11. Let o = t - 1. Calculate the remainder when 11 is divided by o.
1
Let k(s) = -s**2 - 21*s - 27. Calculate the remainder when k(-16) is divided by 14.
11
Let t(l) = 6*l + 1. Let m(s) = 0 + 2*s - 3*s - 3 - 10*s. Let x(v) = 2*m(v) + 5*t(v). What is the remainder when 20 is divided by x(1)?
6
Let m(v) = -4*v + 42. Suppose -3*u = 5*r - 31, -4*r - 5*u + 17 = -0*r. What is the remainder when 37 is divided by m(r)?
7
Let j be 6*5/(-10) - -1. Calculate the remainder when 99 is divided by ((-10)/4)/(j/20).
24
Suppose -437 = -22*k + 355. Calculate the remainder when 106 - (-2 - (-3 - 0)) is divided by k.
33
Suppose 0 = 5*v - 5 - 10. Let d(y) = 12*y**2 - 22*y**2 + 11*y**2 + 2*y - 4. What is the remainder when 32 is divided by d(v)?
10
Suppose 2*m - 2*d = -3*d + 104, -2*d = 2*m - 106. What is the remainder when 966 is divided by m?
48
Let n(k) = -k**2 + 7*k + 1. Let g be n(-8). Let s = 193 + g. Let u = s - 22. Calculate the remainder when u is divided by 27.
25
Suppose -l - 2*l - 12 = 0. Let g(t) = -2*t**3 - 3*t**2 + 5*t - 5. Calculate the remainder when g(l) is divided by 2*(-1 - (-42)/4).
17
Suppose 3*p = 3*z - 420, z + 3*p = 129 - 1. Suppose 3*d - z = 4*h, -3*d + 3*h + 28 = -104. What is the remainder when d is divided by 14?
11
Let k = 47 + -158. Let u = k + 138. What is the remainder when u is divided by 7?
6
Let c(d) be the first derivative of -d**3/3 + 15*d**2/2 - 36*d + 57. Calculate the remainder when 75 is divided by c(8).
15
Let u = 8 - 1. Suppose -9 = -5*g + 121. Calculate the remainder when g is divided by u.
5
Let j = 27 + -30. Calculate the remainder when 1 + (j - (-56 + 4)) is divided by 13.
11
Let m(h) be the second derivative of h**4/12 + 2*h**3 + 8*h**2 + 6*h. Calculate the remainder when (-20)/90 - 155/(-9) is divided by m(-11).
2
Let i be (-2)/(-6)*(-36)/2. Calculate the remainder when (2684/66)/((-1)/i) is divided by 35.
34
Suppose -2*w - 6 = -12. Suppose -w*v - 326 = -86. Let f = v - -115. What is the remainder when f is divided by 18?
17
Suppose 0 = 6*l + 332 - 602. Calculate the remainder when l is divided by 23.
22
Let y(w) = -71*w + 1300. Calculate the remainder when y(10) is divided by 33.
29
Let z(n) = 5*n**2 + 63*n + 297. What is the remainder when z(-5) is divided by 29?
20
Let q = -156 - -171. What is the remainder when 104 is divided by q?
14
Let n(o) = 4*o**3 - 3*o**2 + 2*o - 11. What is the remainder when 223 is divided by n(3)?
71
Let o(r) = r**2 + r + 2. Suppose 5*b + 3*n = 27, 12*b + 15 = 14*b - 3*n. What is the remainder when o(-3) is divided by b?
2
Let b(m) = -5*m + 8*m - 17*m. Calculate the remainder when b(-6) is divided by 22.
18
Suppose -1 = a, 7*w - 3*a = 8*w - 7. Calculate the remainder when 117 is divided by w.
7
Let c(v) = 21*v**3 - v**2 + 5*v - 1. Calculate the remainder when (-3)/(-1 - (-30)/31) is divided by c(1).
21
Suppose -2*y - 2*t + 26 = 0, 3*t + 97 = -0*y + 5*y. What is the remainder when (-3 - 2) + (37 - 2) is divided by y?
13
Suppose 52 + 136 = 4*d. Suppose -d = -v - 0*v. What is the remainder when v is divided by 16?
15
Let i = -2 + 4. Suppose 76*g - 88*g + 180 = 0. Calculate the remainder when g is divided by i/1*45/10.
6
Let m(i) = -12*i**3 - i**2 + 40*i + 75. What is the remainder when m(-2) is divided by 46?
41
Let l be (14 + -2 - -1)/((-1)/2). Let i(z) = -z**2 - 26*z + 10. Calculate the remainder when 17 is divided by i(l).
7
Suppose 2*l - y - 5 = -0*l, 2 = 3*l + 4*y. Suppose l*r - 75 = -5*g + 7*r, 2*r = 4. Calculate the remainder when g is divided by 5.
2
Let p(t) = t**2 - 41*t - 117. What is the remainder when 148 is divided by p(44)?
13
Suppose -9 = 3*b - 4*j + 32, 0 = 5*b + 3*j + 78. Let p be b*((-115)/(-15))/1. Let k = -60 - p. Calculate the remainder when k is divided by 14.
13
Suppose 0 = f - 2*f + 6. What is the remainder when (3/8 - 0) + (-255)/(-24) is divided by f?
5
Calculate the remainder when 35 is divided by 22 + -3 + (4 - 6).
1
Let d(q) = q**2 + 10 - 2 + 2 + 11*q + 3. What is the remainder when 114 is divided by d(-13)?
36
Suppose 2*a - 14 + 0 = 0. Let b be ((-8)/(-14))/(-2) + 46/14. Let v = b - -23. Calculate the remainder when v is divided by a.
5
Let x = 213 - -38. What is the remainder when x is divided by 36?
35
Suppose -17 = 4*p - 5*y, 4*p - 35 = -p - 5*y. Suppose -11 = p*k - 63. What is the remainder when (-1438)/(-14) - 2/(-7) is divided by k?
25
Let u(p) = -p**3 - p + 0*p**3 + 12*p**2 + 0*p**3 - 8*p**2. Let o be u(3). Suppose -o*f = -2*f - 160. Calculate the remainder when f is divided by 14.
12
Suppose -6*v + 458 = -532. Let k = v + -129. What is the remainder when k is divided by 14?
8
Suppose 120 = 5*m + 25. Calculate the remainder when 52 is divided by m.
14
Suppose -2*c + 14 = -4*u - 30, 0 = -4*c + 8. Suppose -63 = -3*a + 27. Calculate the remainder when a is divided by (-4)/u - 228/(-30).
6
Suppose 5*m - m - 32 = 0. Suppose 0 = -5*w - f + 5 + 2, -5*f + m = -2*w. What is the remainder when (w - 0)*150/5 is divided by 11?
8
Let r = -307 + 535. Calculate the remainder when r is divided by 39.
33
Let w(g) = -g**3 - 9*g**2 - g - 11. Suppose -20 - 25 = 5*a. Let b be w(a). What is the remainder when (-11)/(b*1/6) is divided by 7?
5
Let u(o) = -13*o + 5 - 7*o**2 + 2*o**2 - o + 4*o**2. Let p = -12 + 2. Calculate the remainder when u(p) is divided by 12.
9
Suppose 0*a - 2*h = 4*a + 110, 95 = -3*a - 4*h. Let u(k) = -k**2 - 26*k - 15. Calculate the remainder when 128 is divided by u(a).
8
Suppose -g + 33 = 3*m, -8*g - 72 = -5*m - 4*g. What is the remainder when 179 is divided by m?
11
Let v = 187 - 138. Let f = 45 - 20. What is the remainder when v is divided by f?
24
Calculate the remainder when 156 is divided by 1*(7 + 115*(-10)/(-25)).
50
Let w(x) = -x**3 - 31*x**2 + 32*x + 94. What is the remainder when w(-32) is divided by (-1)/3 + 73/3?
22
Suppose -4*p + 6 = -3*p. Let c(g) = 8*g - 7. Calculate the remainder when p/2 + 266/7 is divided by c(2).
5
Let q(s) = s**3 - 2*s**2 + 8*s - 1. Suppose -12*x + 43 = -17. Calculate the remainder when q(x) is divided by 39.
36
Let a(w) = 2*w**2 - 2*w - 2. Suppose 5*m - j - 28 = 0, -j = m + 3*m - 17. Calculate the remainder when m is divided by a(2).
1
Let w(x) = -19*x - 496. Calculate the remainder when (-1)/(-4) + 573/12 is divided by w(-27).
14
Calculate the remainder when 520 is divided by 10*2/40*38.
7
What is the remainder when (-20)/(480/36) + (-675)/(-2) is divided by 18?
12
Suppose -2*y = -3*g - 41, 4 = -3*y + 2*g + 78. Suppose 0 = z + z + y. Calculate the remainder when z/(-6)*21/1 is divided by 26.
23
Let l(k) = 15*k + 13. Calculate the remainder when l(7) is divided by 24.
22
Let w = 336 - 318. Let f = -7 + 12. What is the remainder when w is divided by f?
3
Let g(k) = -2*k**2 + 109*k + 439. What is the remainder when 198 is divided by g(58)?
0
Let c = -9 - -13. Suppose -5*s + 45 = 2*u, -3*u = -2*u + c*s - 30. Suppose 2*l - 20 = -5*p + 41, p = l - 27. Calculate the remainder when l is divided by u.
8
Suppose -2*k + 256 = -5*t, -k + 115 = 3*t - 2. What is the remainder when k is divided by 14?
11
Suppose -g = -4*q + 3*g + 24, 4*q + 3*g = 24. Suppose q*h - 60 = 48. Calculate the remainder when h is divided by 14.
4
Let m be ((-16)/(-20))/(1/5). Suppose -5*z - 9*k + 5*k = -230, 4*z + m*k = 184. What is the remainder when z is divided by (-14 - 1272/(-90))/((-1)/9)*-10?
10
Suppose -4*z + 8 = -4. Suppose -19*n = -17*n - 2. What is the remainder when z is divided by n?
0
Suppose -2*q + 31 = i, i - 2*q + q - 25 = 0. Calculate the remainder when i is divided by 5.
2
Suppose -4*h - 3*t = -412, 3*h - 76*t + 71*t = 280. Calculate the remainder when h is divided by 13.
9
Suppose 0 = 4*f + 2*r - 248, -2*r = -7*r. Suppose f = 6*w - 76. What is the remainder when w is divided by 3?
2
Suppose -3*